h**3 - 2*h**2 + 1553*h + 4641. Give y(-3).
-9
Let c(f) = -48370*f + 48895. What is c(1)?
525
Let g(u) = -3*u**2 + 62*u + 1138. What is g(-12)?
-38
Let g(s) = 32330*s - 7274253. Calculate g(225).
-3
Let h(n) = 3*n**3 + 48*n**2 + 106*n - 122. Determine h(-8).
566
Let z(s) = -s**3 + 5604*s**2 - s - 3. Determine z(0).
-3
Let f(t) = -t**3 - 55*t**2 + 19272*t - 746. Calculate f(114).
-62
Let w(p) = p**3 + p**2 - 103*p + 229. Give w(8).
-19
Let c(l) = -2*l**3 + 617*l**2 + 349*l - 12351. Determine c(309).
9
Let b(n) = 22060*n + 43964. What is b(-2)?
-156
Let u(w) = -17*w**2 - 369*w - 541. Give u(-20).
39
Let q(o) = 143*o**3 - 24594*o**2 - 341*o - 515. What is q(172)?
1
Let r(g) = -g**3 + 58*g**2 - 693*g - 302. Give r(41).
-138
Let n(a) = -2*a**3 + 198*a**2 - 391*a - 579. Determine n(97).
-870
Let s(i) = -4333*i - 381320. Calculate s(-88).
-16
Let h(l) = -l**2 + 25*l + 642. Give h(16).
786
Let u(p) = -10*p**3 + 41*p**2 + 495*p - 1995. Give u(4).
1
Let n(z) = -z**3 - 12*z**2 + 29*z - 543. Determine n(-16).
17
Let d(g) = -1694*g - 420241. Calculate d(-248).
-129
Let v(b) = 2*b**2 - 2695*b + 97035. Give v(37).
58
Let r(j) = -88423*j + 2917980. What is r(33)?
21
Let t(c) = -172*c**3 - 2221*c**2 + 190*c - 31. Determine t(-13).
34
Let p(k) = -k**3 + 135*k**2 - 857*k + 91. Give p(128).
5083
Let u(r) = 187*r**3 + 515*r - 1538. Determine u(3).
5056
Let r(k) = 2*k**2 - 159*k - 2791. Determine r(-19).
952
Let y(w) = 28770*w + 1783731. Determine y(-62).
-9
Let f(y) = -3*y**2 - 935*y - 72557. Give f(-145).
-57
Let i(t) = -2*t**3 + 26*t**2 + 173*t - 1721. Calculate i(15).
-26
Let h(m) = 2055*m + 108944. Give h(-53).
29
Let r(y) = -2*y**3 + 1225*y**2 + 5635*y - 50619. What is r(617)?
-25
Let b(w) = -80*w**2 - 2249*w - 13445. Calculate b(-6).
-2831
Let s(z) = -8*z**3 + 1137*z**2 - 143*z + 501. Give s(142).
359
Let y(o) = 15495*o**2 - 46486*o - 5. Calculate y(3).
-8
Let c(x) = -4*x**2 - 615*x - 3652. Give c(-150).
-1402
Let m(a) = a**3 + 784*a**2 - 9500*a - 623. What is m(12)?
1
Let f(c) = -7565*c - 52964. Calculate f(-7).
-9
Let j(a) = -3090*a - 24060. Determine j(-9).
3750
Let f(v) = -v**2 - 853*v + 18012. What is f(20)?
552
Let i(p) = p**3 + 190*p**2 - 1138*p + 7462. Calculate i(-196).
14
Let b(t) = -15028*t - 180344. Give b(-12).
-8
Let q(x) = 1396*x**3 + 3*x**2 + 288*x + 286. Determine q(-1).
-1395
Let t(d) = 13366*d - 93548. Determine t(7).
14
Let d(s) = s**3 + 2*s**2 + 150*s + 600. Calculate d(0).
600
Let g(z) = 1299787*z - 32494669. Calculate g(25).
6
Let h(m) = -59223*m + 355345. Determine h(6).
7
Let s(c) = c**3 + 92*c**2 + 32268*c - 97660. What is s(3)?
-1
Let c(o) = 4*o**3 + 14*o**2 - 654*o - 2567. Calculate c(-4).
17
Let k(d) = d - 45. Determine k(60).
15
Let z(n) = 2*n**3 + 17*n**2 - 94*n + 5. Calculate z(7).
866
Let a(j) = -248*j**2 - 4*j + 62. Calculate a(0).
62
Let n(y) = -y**3 - 11*y**2 - 790*y - 12166. Determine n(-17).
2998
Let m(c) = 2694*c + 112645. What is m(-42)?
-503
Let q(o) = -3*o**3 - 452*o**2 - 252*o + 7235. What is q(-150)?
35
Let d(p) = 3*p**3 + 11*p**2 - 47*p + 42. Give d(-7).
-119
Let t(v) = -4*v**3 - 25*v**2 - 54*v - 75. Determine t(-4).
-3
Let b(i) = -11111*i + 177303. What is b(16)?
-473
Let w(p) = -2942*p - 194129. What is w(-66)?
43
Let x(q) = -q**2 + 397*q - 3481. What is x(388)?
11
Let g(n) = -81015*n + 161878. Determine g(2).
-152
Let f(i) = 27981*i - 84481. Determine f(3).
-538
Let a(s) = s**2 - 396*s - 116132. Calculate a(-196).
-100
Let l(f) = -148956*f + 148952. Calculate l(1).
-4
Let n(f) = 2916*f + 586120. Give n(-201).
4
Let r(p) = 171*p**2 + 4*p - 305. What is r(6)?
5875
Let x(g) = 77082*g + 616651. Determine x(-8).
-5
Let w(i) = -i**3 + 42*i**2 - 199*i + 8552. Determine w(42).
194
Let u(b) = -27858*b + 2423765. What is u(87)?
119
Let y(j) = -243*j**2 + 10936*j - 21. Determine y(45).
24
Let y(f) = f**3 + 39*f**2 + 152*f + 1673. Calculate y(-36).
89
Let z(w) = -w**3 + 204*w**2 - 5780*w - 47. Give z(170).
-47
Let u(a) = -a**2 - 1604*a - 98348. Give u(-64).
212
Let i(y) = -10361*y - 207134. Give i(-20).
86
Let f(g) = -g**2 + 24635*g - 221639. Calculate f(9).
-5
Let v(j) = -2*j**2 - 183*j + 177313. Calculate v(-347).
-4
Let o(v) = 5*v**2 - 2877*v + 51222. Give o(557).
-22
Let z(t) = 3*t**3 - 192*t**2 + 552*t - 211. Determine z(61).
-28
Let z(l) = 11*l**3 - 826*l**2 + 898*l - 660. Calculate z(74).
80
Let p(o) = 2*o**3 + 357*o**2 + 2272*o - 811. What is p(-7)?
92
Let n(y) = -17680*y + 303. What is n(0)?
303
Let x(g) = -4*g**3 + 5*g**2 - 2158*g + 4317. Give x(2).
-11
Let c(z) = -4*z**2 - 249*z + 23774. Determine c(52).
10
Let p(h) = -2*h**3 + 2403*h**2 - 4072*h + 3448063. What is p(1201)?
-8
Let z(q) = 14391*q - 2288166. Determine z(159).
3
Let j(f) = -f**3 + 101*f**2 + 215*f - 549. Calculate j(103).
378
Let r(f) = -10*f**2 - 22*f + 271. Calculate r(8).
-545
Let v(l) = 2*l**3 - 142*l**2 - 1994*l - 64. What is v(-12)?
-40
Let y(r) = -24*r**2 + 15493*r + 69535. Calculate y(650).
-15
Let r(u) = -4*u**2 - 2358*u + 23642. Determine r(10).
-338
Let w(y) = 41*y**3 + 29*y**2 + 84*y + 72. Calculate w(-1).
-24
Let f(b) = -43*b**2 - 123*b + 16. Determine f(-7).
-1230
Let y(f) = -5*f**2 - 381*f + 1785. Calculate y(-80).
265
Let k(t) = 3636*t + 17604. Give k(-5).
-576
Let c(b) = -b**3 - 93*b**2 + 8967*b - 288. What is c(-152)?
-136
Let w(a) = 919*a**2 + 106609*a + 572. Calculate w(-116).
-8
Let l(f) = -11*f**3 - 44*f**2 + 15*f + 25. What is l(-4)?
-35
Let c(x) = 12273*x - 13438923. Give c(1095).
12
Let a(n) = 4929*n + 487965. Determine a(-99).
-6
Let d(g) = g**3 + 183*g**2 + 8046*g - 1442. Give d(-74).
38
Let q(f) = -403*f - 14648. Determine q(-35).
-543
Let t(s) = -576*s - 3999. What is t(-7)?
33
Let v(f) = -452*f + 5756. Determine v(13).
-120
Let n(w) = -62153*w - 2859038. What is n(-46)?
0
Let b(w) = 2*w**2 + 71*w - 440. Give b(-40).
-80
Let n(t) = -236406*t - 1182024. Give n(-5).
6
Let o(r) = 8*r**2 - 426*r + 4603. Give o(36).
-365
Let d(u) = 427*u + 35413. What is d(-83)?
-28
Let u(f) = 715*f + 7749. Calculate u(-11).
-116
Let n(j) = -68124*j**2 + 408744*j + 6. What is n(6)?
6
Let l(r) = 1694*r + 101593. What is l(-60)?
-47
Let j(y) = -4798*y - 657291. Calculate j(-137).
35
Let i(k) = k**3 + 3*k**2 + 33*k + 124. Give i(-8).
-460
Let x(g) = 14*g**2 - 3055*g + 11984. Calculate x(4).
-12
Let w(u) = -2*u**3 + 151*u**2 - 410*u - 210. Calculate w(73).
-3495
Let b(q) = 42*q**3 - 276*q**2 + 31*q + 16. Give b(7).
1115
Let h(b) = b**3 + 37*b**2 - 252*b - 730. Give h(8).
134
Let v(t) = 2*t**2 - 6*t - 148. Determine v(-9).
68
Let i(o) = -o**3 + 244*o**2 - 966*o - 209. What is i(240)?
-1649
Let n(y) = -54584*y - 437088. Give n(-8).
-416
Let k(q) = 70*q**2 + 4551*q + 711. Give k(-65).
646
Let a(b) = -619*b - 760. Determine a(0).
-760
Let i(g) = 11*g**2 - 111*g - 617. Determine i(-5).
213
Let s(x) = -x**3 - 9*x**2 - 35*x - 196. What is s(-5)?
-121
Let w(x) = x**3 - 25*x**2 - 457*x - 240. What is w(-12)?
-84
Let v(k) = 3*k**3 + 52*k**2 + 15*k - 6. Give v(-15).
1344
Let z(p) = -35*p**2 - 864*p + 2905. Calculate z(3).
-2
Let i(m) = 2*m**3 - 82*m**2 + 733*m + 63. Calculate i(11).
866
Let b(j) = 7*j**2 + 232*j - 4041. Calculate b(-46).
99
Let s(p) = -2*p**3 - 1339*p**2 + 4729*p + 12006. Give s(-673).
-108
Let j(g) = 47*g**2 - 737*g + 2506. What is j(5)?
-4
Let k(y) = y**3 - 74*y**2 - 771*y + 52098. What is k(75)?
-102
Let f(k) = 3*k**2 - 35*k - 2876. Give f(37).
-64
Let u(f) = 7*f**3 + 162*f**2 - 89*f + 19. Determine u(-23).
2595
Let o(u) = 8*u**3 + 2600*u**2 + 163*u + 52988. Calculate o(-325).
13
Let f(d) = d**3 - 113*d**2 + 1720*d - 636. Give f(95).
314
Let t(r) = -r**3 - 152*r**2 + 756*r + 176. Give t(5).
31
Let q(z) = -112521*z + 7538909. Calculate q(67).
2
Let s(t) = -95*t + 1816. Calculate s(29).
-939
Let g(f) = 2*f**2 + 737*f + 55817. Determine g(-262).
11
Let p(h) = 8*h**2 - 1962*h + 31433. Determine p(228).
-31
Let q(x) = 2*x**2 + 65*x + 203. Calculate q(-28).
-49
Let i(f) = -2206*f - 88241. Determine i(-40).
-1
Let t(q) = 2*q**2 - 122*q + 233. Calculate t(42).
-1363
Let b(j) = -296*j - 26556. Calculate b(-89).
-212
Let a(z) = 571*z + 2851. Calculate a(-5).
-4
Let p(v) = 2555*v - 1290293. What is p(505)?
-18
Let a(g) = -5*g**2 + 1213*g - 27491. Give a(23).
-2237
Let x(m) = 759*m - 4373. Give x(6).
181
Let g(b) = -9*b**3 + 11*b**2 - 33*b + 25